166*3 - (3 + 1 - s) a composite number?
False
Is (-6 - -1589276)/5 - (-4 - (-5)/5) a composite number?
False
Let i be (2/14)/1 - (-4)/(-28). Suppose 7*o = -i*o - 301. Let q = o - -2238. Is q composite?
True
Suppose 0 = -109*y + 96*y - 455. Is (-621172)/(-498)*(-1 - y/2) prime?
False
Is -235*((-8 - 9/(-3)) + 168/(-10)) prime?
False
Let i(y) be the first derivative of -y**7/70 + y**5/24 + y**4/8 - 17*y**3/3 + 9. Let k(t) be the third derivative of i(t). Is k(-4) prime?
True
Let b(z) = z**3 - 2*z**2 - 45*z - 71. Is b(20) composite?
False
Let y(g) = 57*g**3 - 21*g**2 + 83*g - 22. Is y(15) composite?
True
Let s(i) = -i**3 - 94*i**2 + 224*i - 1541. Is s(-130) composite?
False
Let z = 185 - 171. Suppose 0 = z*a - 18*a + 7204. Is a composite?
False
Let d(t) = -3*t**3 + 17*t**2 - 71*t - 658. Is d(-33) a composite number?
True
Suppose -7*z = -3*w - 5*z + 165, -w = -2*z - 59. Suppose -549794 = -w*q - 30235. Is q a composite number?
False
Let q = 99 + -90. Let l(o) = 52*o**2 + 14*o - 11. Is l(q) composite?
False
Let t(c) = c**3 + 7*c**2 + 8*c + 5. Let h be t(-6). Let z(f) be the first derivative of 29*f**3/3 + 11*f**2/2 - 25*f - 767. Is z(h) composite?
False
Let v(w) = -4260*w**3 - 3*w**2 + w + 5. Let m be v(-1). Is m - (5 - -4 - 6) a composite number?
True
Let l = 9 + -10. Is (-2)/(-6)*(l + 346) prime?
False
Let a = 72327 - -9328. Suppose 37*f = 2*f + a. Is f composite?
False
Let g(v) = -v**3 - 20*v**2 - 19*v + 1. Let d be g(-19). Let s be 0 - -2 - 3 - d. Is (-556)/(-2) + 0/s composite?
True
Let b be 82/287 - (38/(-14) + 0). Suppose 3*n + 6828 = -3*m, -4*n + b*m + 528 = 9667. Let d = -332 - n. Is d a composite number?
False
Let k = -1353 + 1354. Let u(r) be the third derivative of 7*r**5/12 + r**4/12 + r**2. Is u(k) prime?
True
Suppose k - 3*p = 4*k - 15, -4*p = 2*k - 8. Suppose -q + c = 4*c - k, 0 = 3*q - c - 18. Suppose q*g - 9*g = -1443. Is g a prime number?
False
Suppose -291046 = -4*v - 1559*f + 1557*f, -f - 72766 = -v. Is v a composite number?
False
Let v = 7362 - -6019. Is v prime?
True
Let s(a) = 10 + 0 - 25*a - 28 - 26 + 0. Is s(-15) prime?
True
Let r = 38 + -35. Suppose r + 7 = 5*d. Is (3 + 4732)*(0 + 1) + d a prime number?
False
Let v be 7 + -1 - (-22)/(-22). Is (-2)/v + (-24)/(-10) - -1775 prime?
True
Suppose 2*y - 2*z - 10 = 0, 3*z + 12 + 3 = 5*y. Suppose -2*v + y*v = 2*u - 2198, v - 2*u - 1084 = 0. Let x = v + 7. Is x composite?
True
Let p be 8/(-6) + ((-50309)/21 - -5). Let i = p + 5886. Is i composite?
True
Suppose 2*o + 0*o - 61508 = -4*n, -2*o = 8. Suppose 0 = 8*i - n - 3285. Is i prime?
True
Suppose -673*i - 21297703 = -722*i. Is i a prime number?
True
Suppose 409298 + 4835862 = 40*d. Is d prime?
True
Let y = -288935 - -656796. Is y a prime number?
False
Let q(z) = -z**3 - 4*z**2 - z - 13. Let d be q(-5). Let t(v) = d*v - 11*v - 7*v - 62*v**2 + 1664*v**2. Is t(1) composite?
False
Let h(i) be the first derivative of -1698*i**2 + 23*i + 154. Is h(-3) prime?
True
Suppose 0 = 34*n - 35*n. Suppose n = 14*b - 21265 - 8933. Is b prime?
False
Is (-4)/(11 + 1)*(-205051 - 2) prime?
True
Suppose 0 = -4*b - 16, -5*q = -0*b + 4*b + 31. Is (27340/3)/(-10)*q a composite number?
True
Is ((-1248082)/(-2))/((-20 - -6) + 15) a composite number?
True
Let k = 8 - 18. Let q be (3 - 159/6)*k. Suppose 394 = m - q. Is m composite?
True
Let c(y) = y**3 + 7*y**2 + 4*y - 7. Let r be c(-6). Suppose 12*u + 5*u - 678 = -610. Suppose u*j = r*j - 1651. Is j prime?
False
Suppose z - 2*b - 101891 + 14150 = 0, -14*z = -5*b - 1228351. Is z prime?
True
Let c be (-33)/(-2) - (-12)/(-24). Let k(q) = 267*q - 7 - c*q - 22*q. Is k(2) a prime number?
False
Suppose -4*k + 5*c + 66867 = -18554, 5*k - 5*c - 106770 = 0. Is k a prime number?
False
Suppose 0 = -75*o + 63*o + 9384. Suppose 686*v - o = 684*v. Is v a composite number?
True
Let r = 0 - 1. Let y(c) = -568*c**2 - 13*c - 4. Let x(s) = 285*s**2 + 6*s + 2. Let j(t) = 9*x(t) + 4*y(t). Is j(r) composite?
False
Suppose 4 + 6 = 5*d. Let a be (-2*20/8 - -11)/3. Is a/((-12)/(-603)*3/d) a composite number?
False
Suppose 5*g - 889188 = -4*q + 2577191, -2*g - q + 1386557 = 0. Is g prime?
True
Suppose 2*u = -0*u + 6, -4*u + 45955 = b. Is b composite?
False
Suppose 4*f = -d - f + 17654, -5*d - 4*f + 88375 = 0. Suppose 3*a + d = 6*b - 3*b, -29505 = -5*b - 5*a. Is b composite?
False
Let y(m) = -1289*m + 214. Let d be y(-5). Suppose 3*p = -k + 2913, 7842 = 5*k - p - d. Is k prime?
False
Let j = 4 + -8. Let v = 157 - 156. Is v + j + -3 + 71 prime?
False
Let y = 21329 - -20758. Is y a prime number?
False
Let q = 373862 - 222021. Is q prime?
True
Let r(h) be the second derivative of -13*h + 5/2*h**3 + 5/12*h**4 + 11/2*h**2 + 0. Is r(9) prime?
False
Let f = -4645 + 2190. Let t = -1341 - f. Let h = t + -263. Is h a composite number?
True
Suppose -103058 = 3*k - 4*r, 4*r - 65753 = 2*k + 2947. Let q be -1 + k/18 - 18/81. Is (14/4)/((-5)/q) a composite number?
True
Suppose -227*v = -232*v. Suppose v = -25*y + 1550 + 163125. Is y composite?
True
Suppose 9 = 4*i - u, -3*i + 0*u = u - 12. Suppose 7*f = -12*f + 20045. Suppose -f = -i*h + 490. Is h a composite number?
True
Let z = 27633 - -25210. Is z a composite number?
True
Suppose -2 + 147 = 5*n. Let t(p) = 21*p**2 - 125*p - 39. Is t(n) a composite number?
False
Suppose -13*q + 13 = -13. Let f be 159/2 - (-1)/q. Let x = 86 - f. Is x a prime number?
False
Let q(m) = m + 20. Let p be q(-17). Let l be (-80)/(-5) - 12/p. Suppose -l*a + 849 + 1683 = 0. Is a composite?
False
Let k = -15 - -33. Suppose -3*i + 4 = -4*a + 21, 2*i - a = -k. Let q(g) = -12*g + 31. Is q(i) composite?
False
Let v be 17 + (-3 - (0 + -1)). Let q be (8/(-20))/((-3)/v). Is 2/(-8)*(-3550 + q) composite?
False
Suppose 0 = -3*i + 15, -i = -4*f - 4*i + 39. Let k be -1 + (0 - (-3 + f + 1)). Is (k - (-12663)/(-7))*2/(-4) a prime number?
True
Is ((-942038)/6 - (-1)/3)*2/(-4) a composite number?
True
Let c = -528 + 1152. Is 2/(-10) + 2/15*c a composite number?
False
Let y = 35719 + -19536. Is y composite?
False
Let k(w) = -11065*w - 35. Let r be k(-1). Let m = r + 20367. Is m prime?
True
Suppose 284 = w - 2*w. Let b be 3/(-12) - w/(-16). Is b/(-54) + (-9940)/(-6) a composite number?
False
Let m(d) = d**3 - 34*d**2 - 35*d + 2. Let z be m(35). Suppose -6*t + z*f = -3*t - 58045, 0 = 5*t - 4*f - 96743. Is t a composite number?
True
Suppose 1705*y - 1704*y + 4*q = 3575, -30 = -5*q. Is y composite?
True
Let n(h) = 104*h**2 - 160*h - 59. Is n(18) composite?
False
Let l(o) = -7 + 3 - 16*o**2 + 8*o + 23*o**2 - 3. Is l(2) composite?
False
Let b be (-1 - -2)/((-2)/(-8)). Suppose 5*z + 7*y - 10*y - 7195 = 0, -z = 3*y - 1421. Suppose -8*d + z = -b*d. Is d composite?
False
Suppose 4*y - 1093021 = 3*g, -4*y - 17*g = -16*g - 1093009. Is y prime?
True
Suppose 152*a - 134368743 - 5970881 = 0. Is a composite?
True
Suppose 320*w - 328*w = -40. Let j(z) = 6*z**3 + 5*z**2 + 5*z - 11. Is j(w) composite?
True
Let g = -59187 - -123040. Is g a prime number?
True
Suppose 3*i - 659 = 274. Suppose i = -8*s + 28239. Is s composite?
False
Let l(r) = -r**2 - 21*r - 17. Let d be l(-20). Suppose -d*m + 3763 + 2201 = 0. Is (-1 + m/(-8))/((-1)/2) a prime number?
True
Let z = 4745 + -3900. Let f be 0/(1*-1*1). Suppose 2*w - 453 - z = f. Is w composite?
True
Let q = 148296 - -67001. Is q a composite number?
False
Is -1*(380675/(-20)*10 + 15/(-10)) a prime number?
True
Let a(v) = -291514*v - 879. Is a(-5) a prime number?
True
Suppose 0 = 8*t + 4*t + 2748. Let s = 420 - t. Is s prime?
False
Suppose -2*o - 3*o + 4*f = -15, 0 = 2*f. Let w(y) = -294*y + 5. Let a be w(-7). Suppose -o*d = -a + 734. Is d composite?
False
Let v = -26675 + 45004. Is v prime?
True
Suppose 0 = 5*z - c - 1 - 10, 3*c + 3 = 0. Suppose -z*g = 2*r - 12, g - r = r + 3. Suppose -g*t = 49 - 824. Is t composite?
True
Let u = -47190 + 19899. Let x be (2/8)/(-1) + u/(-44). Let z = 873 - x. Is z a composite number?
True
Let i(g) = -383305*g - 306. Is i(-1) a composite number?
False
Let k be 3*(-42)/(-18) + 1. Is (k/(-2) + 47)*23 a composite number?
True
Let v be -15 + (-20)/(-5) + -7. Let k be (v/6)/((-2)/(-10)). Let f = -4 - k. Is f a composite number?
False
Suppose 3*g - 85*t = -88*t + 382398, -509879 = -4*g + t. Is g a composite number?
True
Let g = -42 + 57. Is (8060/g - -3)*3 a prime number?
True
Is 147951444